ase 15) in base 8?
0
What is -1021 (base 3) in base 16?
-22
What is -3 (base 7) in base 12?
-3
Convert -103 (base 4) to base 2.
-10011
78 (base 10) to base 16
4e
What is 2 (base 7) in base 11?
2
What is -11 (base 4) in base 15?
-5
What is 5 (base 12) in base 16?
5
What is -3 (base 8) in base 15?
-3
Convert -7a (base 11) to base 3.
-10020
Convert 35 (base 8) to base 13.
23
a4 (base 15) to base 14
b0
What is -13 (base 6) in base 2?
-1001
Convert -273 (base 8) to base 9.
-227
-100 (base 11) to base 7
-232
What is 32 (base 7) in base 6?
35
27 (base 9) to base 5
100
What is 31 (base 5) in base 12?
14
2d (base 16) to base 6
113
What is -9 (base 10) in base 2?
-1001
Convert b (base 15) to base 7.
14
-1 (base 5) to base 15
-1
-122 (base 3) to base 5
-32
6 (base 11) to base 8
6
Convert -330 (base 7) to base 16.
-a8
What is 12 (base 3) in base 2?
101
What is 0 (base 15) in base 6?
0
1c2 (base 13) to base 9
403
Convert 310 (base 6) to base 3.
11020
What is -2 (base 11) in base 7?
-2
What is 22 (base 8) in base 10?
18
What is 23 (base 9) in base 14?
17
What is -14 (base 16) in base 8?
-24
0 (base 3) to base 10
0
-10010000 (base 2) to base 13
-b1
What is 442 (base 7) in base 11?
196
-a5 (base 13) to base 14
-99
What is -24 (base 12) in base 8?
-34
-2 (base 5) to base 11
-2
Convert -4 (base 9) to base 15.
-4
Convert 1 (base 16) to base 10.
1
0 (base 14) to base 8
0
18 (base 9) to base 7
23
What is 20 (base 6) in base 12?
10
Convert 101 (base 2) to base 5.
10
What is -11 (base 3) in base 8?
-4
Convert -4 (base 7) to base 12.
-4
11 (base 3) to base 8
4
What is 4 (base 6) in base 2?
100
71 (base 9) to base 16
40
What is -11201 (base 3) in base 16?
-7f
What is 212 (base 5) in base 8?
71
1 (base 15) to base 14
1
-32 (base 5) to base 9
-18
What is 2 (base 11) in base 14?
2
5 (base 16) to base 14
5
7 (base 14) to base 3
21
8a (base 15) to base 10
130
What is -aa (base 13) in base 5?
-1030
210 (base 4) to base 12
30
Convert 11000 (base 3) to base 5.
413
Convert 3 (base 6) to base 5.
3
What is 16 (base 10) in base 7?
22
6 (base 10) to base 3
20
55 (base 12) to base 2
1000001
Convert 10 (base 6) to base 13.
6
Convert -101 (base 6) to base 2.
-100101
-8 (base 13) to base 2
-1000
Convert 0 (base 4) to base 10.
0
51 (base 16) to base 8
121
0 (base 8) to base 15
0
What is 156 (base 7) in base 12?
76
Convert -402 (base 7) to base 5.
-1243
What is 1a (base 11) in base 4?
111
7 (base 9) to base 14
7
-42 (base 6) to base 10
-26
-1 (base 5) to base 7
-1
Convert 180 (base 12) to base 8.
360
Convert -11 (base 5) to base 4.
-12
-212 (base 3) to base 2
-10111
Convert 3e (base 15) to base 9.
65
What is 11 (base 10) in base 4?
23
-3 (base 14) to base 11
-3
What is -26 (base 12) in base 13?
-24
Convert 10212 (base 3) to base 12.
88
12 (base 6) to base 8
10
29 (base 15) to base 5
124
2 (base 9) to base 10
2
-117 (base 8) to base 13
-61
What is -27 (base 16) in base 11?
-36
-110000 (base 3) to base 11
-275
What is 210 (base 9) in base 10?
171
What is -21 (base 10) in base 6?
-33
What is 3 (base 9) in base 8?
3
Convert 1101 (base 3) to base 8.
45
-34 (base 7) to base 2
-11001
9 (base 14) to base 2
1001
Convert -3 (base 15) to base 2.
-11
Convert -6 (base 13) to base 14.
-6
-10 (base 2) to base 12
-2
What is -54 (base 15) in base 6?
-211
-1 (base 6) to base 15
-1
Convert -10 (base 4) to base 5.
-4
What is -1 (base 14) in base 7?
-1
1 (base 11) to base 13
1
What is -3 (base 9) in base 12?
-3
Convert 12 (base 14) to base 8.
20
What is -84 (base 15) in base 12?
-a4
Convert -1 (base 9) to base 2.
-1
-102 (base 11) to base 6
-323
Convert 4 (base 7) to base 2.
100
Convert -1000 (base 2) to base 12.
-8
What is 37 (base 8) in base 7?
43
c (base 14) to base 13
c
What is 1110001 (base 2) in base 6?
305
-12 (base 3) to base 7
-5
-251 (base 9) to base 2
-11010000
39 (base 11) to base 10
42
Convert -5 (base 8) to base 14.
-5
3 (base 8) to base 13
3
Convert -11 (base 12) to base 16.
-d
Convert -2 (base 14) to base 5.
-2
Convert 1c (base 15) to base 9.
30
What is -2b (base 15) in base 14?
-2d
-4 (base 13) to base 11
-4
Convert 8b (base 12) to base 10.
107
-6 (base 9) to base 11
-6
Convert -165 (base 7) to base 14.
-6c
Convert -13 (base 15) to base 4.
-102
Convert -5 (base 16) to base 8.
-5
Convert 1 (base 7) to base 15.
1
What is 405 (base 7) in base 8?
311
Convert -2031 (base 4) to base 10.
-141
Convert 100001 (base 2) to base 4.
201
Convert -24 (base 6) to base 14.
-12
4 (base 16) to base 12
4
What is 2 (base 6) in base 12?
2
Convert -2 (base 5) to base 13.
-2
Convert -6 (base 16) to base 4.
-12
Convert 3 (base 7) to base 3.
10
What is 20 (base 14) in base 13?
22
-3 (base 7) to base 2
-11
Convert -143 (base 5) to base 9.
-53
What is -132 (base 16) in base 10?
-306
Convert -5 (base 9) to base 7.
-5
Convert 7 (base 13) to base 3.
21
Convert 2220 (base 3) to base 6.
210
Convert 2 (base 8) to base 16.
2
Convert 51 (base 13) to base 8.
102
What is 6 (base 15) in base 8?
6
What is -1332 (base 4) in base 8?
-176
What is -12 (base 13) in base 8?
-17
What is -1 (base 9) in base 11?
-1
-1100 (base 4) to base 11
-73
What is -3113 (base 4) in base 10?
-215
-21 (base 8) to base 4
-101
-4 (base 7) to base 3
-11
What is -2 (base 16) in base 4?
-2
Convert 78 (base 11) to base 15.
5a
9 (base 15) to base 8
11
What is 0 (base 3) in base 12?
0
Convert 6 (base 9) to base 14.
6
What is 120 (base 7) in base 15?
43
0 (base 13) to base 9
0
What is -103 (base 6) in base 13?
-30
Convert 23 (base 15) to base 3.
1020
What is 5 (base 15) in base 4?
11
What is b (base 16) in base 4?
23
Convert -1333 (base 5) to base 7.
-431
1 (base 12) to base 6
1
What is -77 (base 9) in base 5?
-240
What is -29 (base 11) in base 6?
-51
Convert 156 (base 9) to base 10.
132
-151 (base 7) to base 10
-85
What is 11 (base 5) in base 3?
20
b (base 14) to base 13
b
What is -3 (base 4) in base 13?
-3
-13 (base 5) to base 4
-20
6 (base 15) to base 13
6
Convert 40 (base 6) to base 4.
120
What is -3 (base 14) in base 10?
-3
3 (base 15) to base 11
3
Convert -246 (base 10) to base 4.
-3312
What is -1a (base 11) in base 9?
-23
Convert 1 (base 5) to base 8.
1
Convert -1001 (base 2) to base 6.
-13
Convert -27 (base 13) to base 7.
-45
-8 (base 15) to base 5
-13
What is 3 (base 8) in base 14?
3
-141 (base 6) to base 7
-115
6 (base 11) to base 3
20
Convert 12 (base 3) to base 7.
5
What is -11 (base 3) in base 15?
-4
Convert 104 (base 5) to base 10.
29
What is -1 (base 3) in base 7?
-1
What is 1 (base 7) in base 3?
1
-1 (base 14) to base 3
-1
-1122 (base 3) to base 15
-2e
Convert 12 (base 7) to base 14.
9
What is 105 (base 9) in base 14?
62
-7 (base 15) to base 6
-11
Convert 12a (base 14) to base 7.
453
What is -2 (base 15) in base 7?
-2
Convert 6 (base 12) to base 16.
6
Convert 0 (base 7) to base 12.
0
Convert -8 (base 11) to base 14.
-8
Convert 0 (base 6) to base 14.
0
0 (base 15) to base 6
0
1 (base 16) to base 6
1
-1001 (base 2) to base 7
-12
0 (base 13) to base 16
0
Convert -5 (base 10) to base 5.
-10
1001 (base 2) to base 7
12
c (base 14) to base 5
22
What is 87 (base 9) in base 10?
79
Convert 0 (base 11) to base 8.
0
What is 132 (base 4) in base 5?
110
What is d1 (base 16) in base 12?
155
What is 235 (base 6) in base 15?
65
Convert -5 (base 9) to base 12.
-5
11 (base 3) to base 5
4
-251 (base 9) to base 3
-21201
What is 4 (base 7) in base 11?
4
Convert 49 (base 11) to base 10.
53
What is -59 (base 12) in base 5?
-234
Convert 3 (base 16) to base 3.
10
Convert 303 (base 4) to base 5.
201
What is -87 (base 13) in base 2?
-1101111
Convert 18 (base 15) to base 5.
43
What is -120 (base 5) in base 7?
-50
What is -5 (base 10) in base 5?
-10
What is -61 (base 7) in base 11?
-3a
-1001 (base 2) to base 5
-14
What is 1 (base 15) in base 8?
1
What is -222 (base 3) in base 4?
-122
What is -2 (base 13) in base 14?
-2
What is 4 (base 6) in base 13?
4
Convert 1d (base 15) to base 11.
26
Convert 72 (base 11) to base 5.
304
Convert -12011 (base 3) to base 10.
-139
Convert 14 (base 7) to base 13.
b
What is -11 (base 3) in base 7?
-4
Convert 110111 (base 3) to base 11.
287
What is 4 (base 12) in base 10?
4
Convert 7 (base 10) to base 4.
13
Convert 5 (base 9) to base 14.
5
What is 1 (base 13) in base 2?
1
-4 (base 7) to base 2
-100
Convert -10 (base 5) to base 16.
-5
What is